What is the ten thousands digit of 46131?
4
What is the tens digit of 6097?
9
What is the thousands digit of 1550?
1
What is the hundreds digit of 5234?
2
What is the tens digit of 1082?
8
What is the ten thousands digit of 130667?
3
What is the tens digit of 719?
1
What is the hundreds digit of 110?
1
What is the thousands digit of 10593?
0
What is the hundreds digit of 1318?
3
What is the hundreds digit of 215?
2
What is the hundreds digit of 6875?
8
What is the thousands digit of 5051?
5
What is the hundreds digit of 744?
7
What is the thousands digit of 53684?
3
What is the units digit of 489?
9
What is the hundred thousands digit of 108137?
1
What is the tens digit of 4568?
6
What is the hundreds digit of 724?
7
What is the hundreds digit of 24207?
2
What is the units digit of 283?
3
What is the hundreds digit of 3011?
0
What is the ten thousands digit of 12377?
1
What is the tens digit of 781?
8
What is the hundreds digit of 1580?
5
What is the tens digit of 17083?
8
What is the units digit of 7477?
7
What is the ten thousands digit of 14747?
1
What is the units digit of 12854?
4
What is the thousands digit of 2280?
2
What is the thousands digit of 78223?
8
What is the units digit of 66967?
7
What is the units digit of 1214?
4
What is the units digit of 2379?
9
What is the units digit of 31151?
1
What is the units digit of 9646?
6
What is the units digit of 1143?
3
What is the units digit of 385?
5
What is the units digit of 439?
9
What is the thousands digit of 1574?
1
What is the hundreds digit of 643?
6
What is the tens digit of 191?
9
What is the tens digit of 698?
9
What is the tens digit of 255?
5
What is the hundreds digit of 7091?
0
What is the hundreds digit of 4224?
2
What is the tens digit of 14594?
9
What is the ten thousands digit of 19299?
1
What is the units digit of 186?
6
What is the ten thousands digit of 21404?
2
What is the units digit of 1194?
4
What is the units digit of 51?
1
What is the hundreds digit of 519?
5
What is the tens digit of 1988?
8
What is the thousands digit of 1570?
1
What is the tens digit of 2648?
4
What is the tens digit of 26192?
9
What is the thousands digit of 2173?
2
What is the hundreds digit of 6599?
5
What is the thousands digit of 6192?
6
What is the hundreds digit of 80080?
0
What is the tens digit of 274?
7
What is the thousands digit of 5284?
5
What is the hundreds digit of 3896?
8
What is the hundreds digit of 689?
6
What is the hundreds digit of 9856?
8
What is the units digit of 14058?
8
What is the tens digit of 11545?
4
What is the hundreds digit of 1083?
0
What is the thousands digit of 38277?
8
What is the units digit of 1807?
7
What is the tens digit of 281?
8
What is the thousands digit of 77531?
7
What is the thousands digit of 10921?
0
What is the thousands digit of 46780?
6
What is the ten thousands digit of 19756?
1
What is the thousands digit of 4883?
4
What is the thousands digit of 69013?
9
What is the tens digit of 133921?
2
What is the hundreds digit of 5391?
3
What is the tens digit of 988?
8
What is the hundreds digit of 689?
6
What is the thousands digit of 1170?
1
What is the tens digit of 2681?
8
What is the tens digit of 64392?
9
What is the hundreds digit of 5480?
4
What is the tens digit of 8048?
4
What is the thousands digit of 12528?
2
What is the units digit of 566?
6
What is the units digit of 1080?
0
What is the units digit of 7811?
1
What is the hundreds digit of 1612?
6
What is the ten thousands digit of 67631?
6
What is the tens digit of 32460?
6
What is the thousands digit of 27808?
7
What is the thousands digit of 94971?
4
What is the units digit of 1109?
9
What is the units digit of 863?
3
What is the ten thousands digit of 22000?
2
What is the tens digit of 175?
7
What is the units digit of 3152?
2
What is the thousands digit of 24307?
4
What is the tens digit of 71?
7
What is the thousands digit of 11402?
1
What is the units digit of 1004?
4
What is the units digit of 276?
6
What is the units digit of 130?
0
What is the thousands digit of 67683?
7
What is the hundreds digit of 92090?
0
What is the units digit of 7377?
7
What is the hundreds digit of 565?
5
What is the hundreds digit of 12224?
2
What is the units digit of 71893?
3
What is the tens digit of 4471?
7
What is the units digit of 20245?
5
What is the tens digit of 46836?
3
What is the thousands digit of 145659?
5
What is the ten thousands digit of 69289?
6
What is the tens digit of 4963?
6
What is the tens digit of 697?
9
What is the thousands digit of 5880?
5
What is the ten thousands digit of 85049?
8
What is the tens digit of 556?
5
What is the tens digit of 101769?
6
What is the thousands digit of 4996?
4
What is the hundreds digit of 8123?
1
What is the units digit of 90210?
0
What is the units digit of 22994?
4
What is the thousands digit of 15662?
5
What is the hundreds digit of 914?
9
What is the hundreds digit of 55512?
5
What is the units digit of 57495?
5
What is the hundreds digit of 30168?
1
What is the hundreds digit of 2650?
6
What is the hundreds digit of 14861?
8
What is the thousands digit of 1527?
1
What is the units digit of 1188?
8
What is the units digit of 2972?
2
What is the tens digit of 16159?
5
What is the units digit of 337?
7
What is the units digit of 6802?
2
What is the hundreds digit of 112?
1
What is the hundreds digit of 249?
2
What is the tens digit of 867?
6
What is the hundreds digit of 530?
5
What is the units digit of 45266?
6
What is the hundreds digit of 1024?
0
What is the tens digit of 4417?
1
What is the tens digit of 743?
4
What is the thousands digit of 51894?
1
What is the hundreds digit of 4389?
3
What is the thousands digit of 2924?
2
What is the ten thousands digit of 100529?
0
What is the hundreds digit of 7688?
6
What is the ten thousands digit of 61663?
6
What is the hundreds digit of 1655?
6
What is the thousands digit of 3212?
3
What is the hundreds digit of 30810?
8
What is the units digit of 5480?
0
What is the thousands digit of 33652?
3
What is the hundreds digit of 10221?
2
What is the units digit of 562?
2
What is the thousands digit of 6143?
6
What is the hundreds digit of 6261?
2
What is the units digit of 12708?
8
What is the hundreds digit of 30771?
7
What is the hundreds digit of 4640?
6
What is the units digit of 14926?
6
What is the units digit of 1112?
2
What is the units digit of 18008?
8
What is the units digit of 4843?
3
What is the units digit of 15686?
6
What is the units digit of 4770?
0
What is the units digit of 157?
7
What is the units digit of 1607?
7
What is the tens digit of 1357?
5
What is the thousands digit of 1736?
1
What is the units digit of 58907?
7
What is the ten thousands digit of 60597?
6
What is the tens digit of 14512?
1
What is the thousands digit of 47747?
7
What is the hundreds digit of 2292?
2
What is the ten thousands digit of 39656?
3
What is the tens digit of 1283?
8
What is the thousands digit of 4899?
4
What is the tens digit of 77539?
3
What is the ten thousands digit of 41353?
4
What is the thousands digit of 9399?
9
What is the units digit of 669?
9
What is the units digit of 17048?
8
What is the ten thousands digit of 10456?
1
What is the tens digit of 60280?
8
What is the thousands digit of 9522?
9
What is the units digit of 1285?
5
What is the units digit of 3992?
2
What is the hundreds digit of 3396?
3
What is the hundreds digit of 1845?
8
What is the tens digit of 1073?
7
What is the tens digit of 508?
0
What is the thousands digit of 2878?
2
What is the hundreds digit of 1372?
3
What is the tens digit of 45801?
0
What is the hundreds digit of 231?
2
What is the hundreds digit of 9824?
8
What is the tens digit of 106?
0
What is the hundreds digit of 35061?
0
What is the units digit of 7029?
9
What is the units digit of 5?
5
What is the units digit of 1085?
5
What is the units digit of 6359?
9
What is the ten thousands digit of 24136?
2
What is the tens digit of 98?
9
What is the units digit of 2533?
3
What is the units digit of 407?
7
What is the units digit of 9840?
0
What is the thousands digit of 4174?
4
What is the units digit of 31868?
8
What is the thousands digit of 15692?
5
What is the units digit of 1992?
2
What is the tens digit of 11435?
3
What is the tens digit 